{"id":33,"date":"2015-08-18T22:02:09","date_gmt":"2015-08-18T20:02:09","guid":{"rendered":"http:\/\/www.tierverhaltenszentrum.de\/?page_id=33"},"modified":"2018-05-24T09:18:27","modified_gmt":"2018-05-24T07:18:27","slug":"wie-laeuft-eine-verhaltensberatung-ab","status":"publish","type":"page","link":"https:\/\/www.tierverhaltenszentrum.de\/?page_id=33","title":{"rendered":"Wie l\u00e4uft eine Verhaltensberatung ab?"},"content":{"rendered":"<p><a href=\"https:\/\/www.tierverhaltenszentrum.de\/wp-content\/uploads\/2015\/08\/beagle-693864.jpg\"><img loading=\"lazy\" decoding=\"async\" class=\" size-medium wp-image-183 alignright\" src=\"https:\/\/www.tierverhaltenszentrum.de\/wp-content\/uploads\/2015\/08\/beagle-693864-300x169.jpg\" alt=\"beagle-693864\" width=\"300\" height=\"169\" srcset=\"https:\/\/www.tierverhaltenszentrum.de\/wp-content\/uploads\/2015\/08\/beagle-693864-300x169.jpg 300w, https:\/\/www.tierverhaltenszentrum.de\/wp-content\/uploads\/2015\/08\/beagle-693864.jpg 591w\" sizes=\"auto, (max-width: 300px) 100vw, 300px\" \/><\/a>Nach dem ersten Telefonat bekommen sie zur Vorbereitung der Verhaltensberatung einen v<strong>erhaltenstherapeutischen Fragebogen<\/strong> zugesandt. Dann verabreden wir einen Termin f\u00fcr das <strong>Erstgespr\u00e4ch<\/strong>.\u00a0Die Informationen aus dem Fragebogen werden bei unserem Gespr\u00e4ch erg\u00e4nzt durch ihre Berichte, ggf. Videoaufzeichnungen und Beobachtungen vor Ort. Nach Abschluss des Erstgespr\u00e4chs erhebe ich die wichtigen Befunde und stelle eine <strong>Diagnose des Verhaltensproblems<\/strong>. Dann k\u00f6nnen auch schon erste Trainingseinheiten eingeleitet werden.<\/p>\n<p>Die Grundlage f\u00fcr das nun folgende Verhaltenstraining bildet der <strong>Therapieplan<\/strong>, der je nach Diagnose erstellt wird. Wichtig ist mir dabei, die verschiedenen Therapieelemente ganz individuell an die Bed\u00fcrfnisse ihres Tieres und ihre pers\u00f6nliche Situation anzupassen.<br \/>\nDie<strong> \u00dcbungen anhand des Therapieplans<\/strong> setzen sie mit ihrem Tier um. Dies kann unter Umst\u00e4nden viel Zeit und Engagement erfordern. Je nach Wunsch f\u00fchren sie die einzelnen Ma\u00dfnahmen alleine durch oder w<strong>ir vereinbaren regelm\u00e4\u00dfige Trainingstermine<\/strong>. Auch f\u00fcr telefonische Beratung w\u00e4hrend des Verhaltenstrainings bin ich f\u00fcr sie immer erreichbar.<\/p>\n","protected":false},"excerpt":{"rendered":"<p>Nach dem ersten Telefonat bekommen sie zur Vorbereitung der Verhaltensberatung einen verhaltenstherapeutischen Fragebogen zugesandt. Dann verabreden wir einen Termin f\u00fcr das Erstgespr\u00e4ch.\u00a0Die Informationen aus dem Fragebogen werden bei unserem Gespr\u00e4ch erg\u00e4nzt durch ihre Berichte, ggf. Videoaufzeichnungen und Beobachtungen vor Ort. Nach Abschluss des Erstgespr\u00e4chs erhebe ich die wichtigen Befunde und stelle eine Diagnose des Verhaltensproblems. &hellip; <\/p>\n<p><a class=\"more-link block-button\" href=\"https:\/\/www.tierverhaltenszentrum.de\/?page_id=33\">Weiterlesen &raquo;<\/a><\/p>\n","protected":false},"author":1,"featured_media":0,"parent":17,"menu_order":2,"comment_status":"closed","ping_status":"closed","template":"","meta":{"footnotes":""},"class_list":["post-33","page","type-page","status-publish","hentry","nodate"],"_links":{"self":[{"href":"https:\/\/www.tierverhaltenszentrum.de\/index.php?rest_route=\/wp\/v2\/pages\/33","targetHints":{"allow":["GET"]}}],"collection":[{"href":"https:\/\/www.tierverhaltenszentrum.de\/index.php?rest_route=\/wp\/v2\/pages"}],"about":[{"href":"https:\/\/www.tierverhaltenszentrum.de\/index.php?rest_route=\/wp\/v2\/types\/page"}],"author":[{"embeddable":true,"href":"https:\/\/www.tierverhaltenszentrum.de\/index.php?rest_route=\/wp\/v2\/users\/1"}],"replies":[{"embeddable":true,"href":"https:\/\/www.tierverhaltenszentrum.de\/index.php?rest_route=%2Fwp%2Fv2%2Fcomments&post=33"}],"version-history":[{"count":6,"href":"https:\/\/www.tierverhaltenszentrum.de\/index.php?rest_route=\/wp\/v2\/pages\/33\/revisions"}],"predecessor-version":[{"id":558,"href":"https:\/\/www.tierverhaltenszentrum.de\/index.php?rest_route=\/wp\/v2\/pages\/33\/revisions\/558"}],"up":[{"embeddable":true,"href":"https:\/\/www.tierverhaltenszentrum.de\/index.php?rest_route=\/wp\/v2\/pages\/17"}],"wp:attachment":[{"href":"https:\/\/www.tierverhaltenszentrum.de\/index.php?rest_route=%2Fwp%2Fv2%2Fmedia&parent=33"}],"curies":[{"name":"wp","href":"https:\/\/api.w.org\/{rel}","templated":true}]}}