{"id":46,"date":"2015-08-18T22:07:03","date_gmt":"2015-08-18T20:07:03","guid":{"rendered":"http:\/\/www.tierverhaltenszentrum.de\/?page_id=46"},"modified":"2018-05-24T09:18:54","modified_gmt":"2018-05-24T07:18:54","slug":"leistungen-fuer-die-katze","status":"publish","type":"page","link":"https:\/\/www.tierverhaltenszentrum.de\/?page_id=46","title":{"rendered":"Leistungen f\u00fcr die Katze"},"content":{"rendered":"<p>Ich biete Ihnen eine Verhaltensberatung mit Erstellung eines individuellen Therapieplans und ein auf Sie und ihr Tier optimal zugeschnittenes Training.\u00a0Bei Katzen findet die Verhaltenstherapie in den meisten F\u00e4llen im gewohnten Umfeld bei Ihnen zuhause statt.<\/p>\n<p><a href=\"https:\/\/www.tierverhaltenszentrum.de\/wp-content\/uploads\/2015\/08\/DSC_4594-komp.jpg\"><img loading=\"lazy\" decoding=\"async\" class=\"alignnone  wp-image-93\" src=\"https:\/\/www.tierverhaltenszentrum.de\/wp-content\/uploads\/2015\/08\/DSC_4594-komp-300x201.jpg\" alt=\"DSC_4594 komp\" width=\"234\" height=\"157\" srcset=\"https:\/\/www.tierverhaltenszentrum.de\/wp-content\/uploads\/2015\/08\/DSC_4594-komp-300x201.jpg 300w, https:\/\/www.tierverhaltenszentrum.de\/wp-content\/uploads\/2015\/08\/DSC_4594-komp.jpg 448w\" sizes=\"auto, (max-width: 234px) 100vw, 234px\" \/><\/a><a href=\"https:\/\/www.tierverhaltenszentrum.de\/wp-content\/uploads\/2015\/08\/DSC_4593komp.jpg\"><img loading=\"lazy\" decoding=\"async\" class=\"alignnone  wp-image-100\" src=\"https:\/\/www.tierverhaltenszentrum.de\/wp-content\/uploads\/2015\/08\/DSC_4593komp-300x201.jpg\" alt=\"DSC_4593komp\" width=\"233\" height=\"156\" srcset=\"https:\/\/www.tierverhaltenszentrum.de\/wp-content\/uploads\/2015\/08\/DSC_4593komp-300x201.jpg 300w, https:\/\/www.tierverhaltenszentrum.de\/wp-content\/uploads\/2015\/08\/DSC_4593komp.jpg 448w\" sizes=\"auto, (max-width: 233px) 100vw, 233px\" \/><\/a><a href=\"https:\/\/www.tierverhaltenszentrum.de\/wp-content\/uploads\/2015\/08\/cat-468232.jpg\"><img loading=\"lazy\" decoding=\"async\" class=\"alignnone  wp-image-187\" src=\"https:\/\/www.tierverhaltenszentrum.de\/wp-content\/uploads\/2015\/08\/cat-468232-300x199.jpg\" alt=\"cat-468232\" width=\"237\" height=\"157\" srcset=\"https:\/\/www.tierverhaltenszentrum.de\/wp-content\/uploads\/2015\/08\/cat-468232-300x199.jpg 300w, https:\/\/www.tierverhaltenszentrum.de\/wp-content\/uploads\/2015\/08\/cat-468232.jpg 591w\" sizes=\"auto, (max-width: 237px) 100vw, 237px\" \/><\/a><\/p>\n<p><strong>H\u00e4ufige Gr\u00fcnde f\u00fcr eine Konsultation bei der Katze sind:<\/strong><\/p>\n<ul>\n<li>Unsauberkeit \/ Markieren im Haushalt<\/li>\n<\/ul>\n<ul>\n<li>Aggressives Verhalten (gegen\u00fcber Artgenossen oder Menschen)<\/li>\n<\/ul>\n<ul>\n<li>\u00c4ngstlichkeit in verschiedenen Situationen<\/li>\n<\/ul>\n<ul>\n<li>Stereotypien (exzessives Putzen, Lecken, Schwanz jagen)<\/li>\n<\/ul>\n<ul>\n<li>Probleme in Alltagssituationen<br \/>\n(Krallen sch\u00e4rfen an M\u00f6beln, verst\u00e4rktes Miauen, Tierarztbesuche, etc.)<\/li>\n<\/ul>\n<p>&nbsp;<\/p>\n<p><strong>Allgemeine Fragen<\/strong><\/p>\n<ul>\n<li>Beratung vor dem Kauf einer Katze<\/li>\n<li>Erziehungsfragen bei der Katze (z.B. heftiges Spielen, Besch\u00e4ftigungsideen u.v.m.)<\/li>\n<li>Einf\u00fchrung von neuen Haustieren<\/li>\n<li>Zusammenf\u00fchrung von Kind und Haustier<\/li>\n<li>Medical Training, Vorbereitung auf den n\u00e4chsten Tierarztbesuch<\/li>\n<\/ul>\n","protected":false},"excerpt":{"rendered":"<p>Ich biete Ihnen eine Verhaltensberatung mit Erstellung eines individuellen Therapieplans und ein auf Sie und ihr Tier optimal zugeschnittenes Training.\u00a0Bei Katzen findet die Verhaltenstherapie in den meisten F\u00e4llen im gewohnten Umfeld bei Ihnen zuhause statt. H\u00e4ufige Gr\u00fcnde f\u00fcr eine Konsultation bei der Katze sind: Unsauberkeit \/ Markieren im Haushalt Aggressives Verhalten (gegen\u00fcber Artgenossen oder Menschen) &hellip; <\/p>\n<p><a class=\"more-link block-button\" href=\"https:\/\/www.tierverhaltenszentrum.de\/?page_id=46\">Weiterlesen &raquo;<\/a><\/p>\n","protected":false},"author":1,"featured_media":0,"parent":17,"menu_order":4,"comment_status":"closed","ping_status":"closed","template":"","meta":{"footnotes":""},"class_list":["post-46","page","type-page","status-publish","hentry","nodate"],"_links":{"self":[{"href":"https:\/\/www.tierverhaltenszentrum.de\/index.php?rest_route=\/wp\/v2\/pages\/46","targetHints":{"allow":["GET"]}}],"collection":[{"href":"https:\/\/www.tierverhaltenszentrum.de\/index.php?rest_route=\/wp\/v2\/pages"}],"about":[{"href":"https:\/\/www.tierverhaltenszentrum.de\/index.php?rest_route=\/wp\/v2\/types\/page"}],"author":[{"embeddable":true,"href":"https:\/\/www.tierverhaltenszentrum.de\/index.php?rest_route=\/wp\/v2\/users\/1"}],"replies":[{"embeddable":true,"href":"https:\/\/www.tierverhaltenszentrum.de\/index.php?rest_route=%2Fwp%2Fv2%2Fcomments&post=46"}],"version-history":[{"count":17,"href":"https:\/\/www.tierverhaltenszentrum.de\/index.php?rest_route=\/wp\/v2\/pages\/46\/revisions"}],"predecessor-version":[{"id":560,"href":"https:\/\/www.tierverhaltenszentrum.de\/index.php?rest_route=\/wp\/v2\/pages\/46\/revisions\/560"}],"up":[{"embeddable":true,"href":"https:\/\/www.tierverhaltenszentrum.de\/index.php?rest_route=\/wp\/v2\/pages\/17"}],"wp:attachment":[{"href":"https:\/\/www.tierverhaltenszentrum.de\/index.php?rest_route=%2Fwp%2Fv2%2Fmedia&parent=46"}],"curies":[{"name":"wp","href":"https:\/\/api.w.org\/{rel}","templated":true}]}}