{"id":48,"date":"2015-08-18T22:07:26","date_gmt":"2015-08-18T20:07:26","guid":{"rendered":"http:\/\/www.tierverhaltenszentrum.de\/?page_id=48"},"modified":"2018-05-24T09:19:04","modified_gmt":"2018-05-24T07:19:04","slug":"kosten","status":"publish","type":"page","link":"https:\/\/www.tierverhaltenszentrum.de\/?page_id=48","title":{"rendered":"Kosten"},"content":{"rendered":"<p><a href=\"https:\/\/www.tierverhaltenszentrum.de\/wp-content\/uploads\/2015\/08\/dog-717718.jpg\"><img loading=\"lazy\" decoding=\"async\" class=\"  wp-image-192 alignright\" src=\"https:\/\/www.tierverhaltenszentrum.de\/wp-content\/uploads\/2015\/08\/dog-717718-300x200.jpg\" alt=\"dog-717718\" width=\"239\" height=\"159\" srcset=\"https:\/\/www.tierverhaltenszentrum.de\/wp-content\/uploads\/2015\/08\/dog-717718-300x200.jpg 300w, https:\/\/www.tierverhaltenszentrum.de\/wp-content\/uploads\/2015\/08\/dog-717718.jpg 591w\" sizes=\"auto, (max-width: 239px) 100vw, 239px\" \/><\/a>Die Frage nach den Kosten f\u00fcr eine Verhaltensberatung bzw. -training ist nicht pauschal zu beantworten. Wie viele Trainingseinheiten m\u00fcssen eingeplant werden? Welche zus\u00e4tzlichen Untersuchungen sind n\u00f6tig? Wie oft schaffen Sie es nebenbei zu \u00fcben, Hausaufgaben zu machen?<\/p>\n<p>&nbsp;<\/p>\n<p>Die Abrechnung erfolgt nach der Geb\u00fchrenordnung f\u00fcr Tier\u00e4rzte (GOT) die Mindest- und Maximalpreise f\u00fcr tier\u00e4rztliche Leistungen genau festlegt.<\/p>\n<p>&nbsp;<\/p>\n<p><a href=\"file:\/\/\/C:\/Users\/WOHLFR~1\/AppData\/Local\/Temp\/GOT_07.07.2008_Druckversion.pdf\">Geb\u00fchrenordnung f\u00fcr Tier\u00e4rzte\u00a0 (Stand\u00a0 2008)<\/a><\/p>\n<p>&nbsp;<\/p>\n<p>Es entstehen bei einer Erstberatung (je nach Dauer und n\u00f6tigen Untersuchungen) ungef\u00e4hr Kosten von<\/p>\n<p>60,00 \u20ac bis 90,00 \u20ac<\/p>\n<p>f\u00fcr das folgende Training nach Therapieplan je Trainingseinheit ungef\u00e4hr<\/p>\n<p>30,00\u20ac bis 60,00\u20ac<\/p>\n<p>f\u00fcr einen Hausbesuch<\/p>\n<p>2,30\u20ac je Doppelkilometer, mindestens 8,60 \u20ac, ggf. anteilig bei mehreren Hausbesuchen<\/p>\n<p>f\u00fcr eine Beratung (auch telefonisch) ungef\u00e4hr<\/p>\n<p>7,50\u20ac bis 15,00\u20ac<\/p>\n<p>&nbsp;<\/p>\n","protected":false},"excerpt":{"rendered":"<p>Die Frage nach den Kosten f\u00fcr eine Verhaltensberatung bzw. -training ist nicht pauschal zu beantworten. Wie viele Trainingseinheiten m\u00fcssen eingeplant werden? Welche zus\u00e4tzlichen Untersuchungen sind n\u00f6tig? Wie oft schaffen Sie es nebenbei zu \u00fcben, Hausaufgaben zu machen? &nbsp; Die Abrechnung erfolgt nach der Geb\u00fchrenordnung f\u00fcr Tier\u00e4rzte (GOT) die Mindest- und Maximalpreise f\u00fcr tier\u00e4rztliche Leistungen genau &hellip; <\/p>\n<p><a class=\"more-link block-button\" href=\"https:\/\/www.tierverhaltenszentrum.de\/?page_id=48\">Weiterlesen &raquo;<\/a><\/p>\n","protected":false},"author":1,"featured_media":0,"parent":17,"menu_order":5,"comment_status":"closed","ping_status":"closed","template":"","meta":{"footnotes":""},"class_list":["post-48","page","type-page","status-publish","hentry","nodate"],"_links":{"self":[{"href":"https:\/\/www.tierverhaltenszentrum.de\/index.php?rest_route=\/wp\/v2\/pages\/48","targetHints":{"allow":["GET"]}}],"collection":[{"href":"https:\/\/www.tierverhaltenszentrum.de\/index.php?rest_route=\/wp\/v2\/pages"}],"about":[{"href":"https:\/\/www.tierverhaltenszentrum.de\/index.php?rest_route=\/wp\/v2\/types\/page"}],"author":[{"embeddable":true,"href":"https:\/\/www.tierverhaltenszentrum.de\/index.php?rest_route=\/wp\/v2\/users\/1"}],"replies":[{"embeddable":true,"href":"https:\/\/www.tierverhaltenszentrum.de\/index.php?rest_route=%2Fwp%2Fv2%2Fcomments&post=48"}],"version-history":[{"count":6,"href":"https:\/\/www.tierverhaltenszentrum.de\/index.php?rest_route=\/wp\/v2\/pages\/48\/revisions"}],"predecessor-version":[{"id":561,"href":"https:\/\/www.tierverhaltenszentrum.de\/index.php?rest_route=\/wp\/v2\/pages\/48\/revisions\/561"}],"up":[{"embeddable":true,"href":"https:\/\/www.tierverhaltenszentrum.de\/index.php?rest_route=\/wp\/v2\/pages\/17"}],"wp:attachment":[{"href":"https:\/\/www.tierverhaltenszentrum.de\/index.php?rest_route=%2Fwp%2Fv2%2Fmedia&parent=48"}],"curies":[{"name":"wp","href":"https:\/\/api.w.org\/{rel}","templated":true}]}}